{"id":2727,"date":"2023-08-31T11:03:10","date_gmt":"2023-08-31T09:03:10","guid":{"rendered":"https:\/\/fullstockfileservice.com\/?page_id=2727"},"modified":"2024-12-01T10:42:34","modified_gmt":"2024-12-01T09:42:34","slug":"les-avis-des-clients","status":"publish","type":"page","link":"https:\/\/fullstockfileservice.com\/?page_id=2727","title":{"rendered":"Les Avis des clients"},"content":{"rendered":"<p>Nous n&rsquo;avons pas trouv\u00e9 mieux pour parler de <strong><em>FULLSTOCK<\/em><\/strong> que de faire appel \u00e0 vous ! Cette page est donc la pour vous, mais aussi pour les visiteurs qui souhaitent ce petit <em>\u00ab\u00a0coup de pouce\u00a0\u00bb<\/em> pour nous confier leurs cartos.<\/p><p>Nous esp\u00e9rons que vous \u00eates satisfait de notre prestation, et travaillons constamment \u00e0 l\u2019am\u00e9lioration et la qualit\u00e9\u00a0de\u00a0nos services, afin de vous offrir la meilleure exp\u00e9rience\u00a0possible, nous souhaiterions avoir votre\u00a0avis\u00a0sur notre prestation et pourquoi pas, des retours pour nous am\u00e9liorer encore d&rsquo;avantage ! <\/p><p><strong>Cliquez sur le bouton en dessous\u00a0pour\u00a0laisser votre\u00a0avis\u00a0!<\/strong><\/p>","protected":false},"excerpt":{"rendered":"<p>Nous n&rsquo;avons pas trouv\u00e9 mieux pour parler de FULLSTOCK que de faire appel \u00e0 vous ! Cette page est donc la pour vous, mais aussi pour les visiteurs qui souhaitent ce petit \u00ab\u00a0coup de pouce\u00a0\u00bb pour nous confier leurs cartos. Nous esp\u00e9rons que vous \u00eates satisfait de notre prestation, et travaillons constamment \u00e0 l\u2019am\u00e9lioration et [&hellip;]<\/p>\n","protected":false},"author":1,"featured_media":0,"parent":0,"menu_order":0,"comment_status":"closed","ping_status":"closed","template":"","meta":{"om_disable_all_campaigns":false,"_monsterinsights_skip_tracking":false,"_monsterinsights_sitenote_active":false,"_monsterinsights_sitenote_note":"","_monsterinsights_sitenote_category":0,"footnotes":""},"class_list":["post-2727","page","type-page","status-publish","hentry"],"aioseo_notices":[],"jetpack_sharing_enabled":true,"_links":{"self":[{"href":"https:\/\/fullstockfileservice.com\/index.php?rest_route=\/wp\/v2\/pages\/2727","targetHints":{"allow":["GET"]}}],"collection":[{"href":"https:\/\/fullstockfileservice.com\/index.php?rest_route=\/wp\/v2\/pages"}],"about":[{"href":"https:\/\/fullstockfileservice.com\/index.php?rest_route=\/wp\/v2\/types\/page"}],"author":[{"embeddable":true,"href":"https:\/\/fullstockfileservice.com\/index.php?rest_route=\/wp\/v2\/users\/1"}],"replies":[{"embeddable":true,"href":"https:\/\/fullstockfileservice.com\/index.php?rest_route=%2Fwp%2Fv2%2Fcomments&post=2727"}],"version-history":[{"count":1,"href":"https:\/\/fullstockfileservice.com\/index.php?rest_route=\/wp\/v2\/pages\/2727\/revisions"}],"predecessor-version":[{"id":3567,"href":"https:\/\/fullstockfileservice.com\/index.php?rest_route=\/wp\/v2\/pages\/2727\/revisions\/3567"}],"wp:attachment":[{"href":"https:\/\/fullstockfileservice.com\/index.php?rest_route=%2Fwp%2Fv2%2Fmedia&parent=2727"}],"curies":[{"name":"wp","href":"https:\/\/api.w.org\/{rel}","templated":true}]}}