{"id":367,"date":"2021-10-31T11:34:19","date_gmt":"2021-10-31T10:34:19","guid":{"rendered":"https:\/\/fullstockfileservice.com\/?post_type=product&#038;p=367"},"modified":"2026-01-21T21:29:44","modified_gmt":"2026-01-21T20:29:44","slug":"service-de-fichier-en-ligne-suppression-dtc","status":"publish","type":"product","link":"https:\/\/fullstockfileservice.com\/?product=service-de-fichier-en-ligne-suppression-dtc","title":{"rendered":"Service de r\u00e9paration DTC en ligne"},"content":{"rendered":"","protected":false},"excerpt":{"rendered":"<p>ATTENTION ! Service en cours de d\u00e9veloppement constant, tous les calculateurs ne sont actuellement pas support\u00e9 ! Si nous ne pouvons pas effectuer la modification, nous vous rembourserons dans les d\u00e9lais les plus brefs. <strong>Pour acc\u00e9der au service et \u00e0 nos tarifs \u00ab\u00a0Service de fichier en ligne\u00a0\u00bb et \u00ab\u00a0Service de r\u00e9paration DTC en ligne\u00a0\u00bb, vous devez cr\u00e9er un compte sur notre site !<\/strong><\/p>\n<p>Dans certains cas, il est n\u00e9cessaire de supprimer certains codes d\u00e9fauts afin de ne pas avoir d&rsquo;erreur au diagnostique OBD. Cela peut concerner un d\u00e9faut d&rsquo;un \u00e9l\u00e9ment malgr\u00e9 sont remplacement mais \u00e9galement pour approfondir une pr\u00e9paration! Nous pouvons tout aussi bien travailler sur votre fichier d&rsquo;origine que sur votre fichier d\u00e9j\u00e0 modifi\u00e9 et conservons dans ce cas les modifications pr\u00e9c\u00e9demment apport\u00e9s sans en alt\u00e9rer les donn\u00e9es d&rsquo;optimisations (ou autre).<\/p>\n<p>Cette modification est r\u00e9serv\u00e9 aux v\u00e9hicules de comp\u00e9tition !<\/p>\n<p>&nbsp;<\/p>\n<p>Veuillez saisir le ou les code(s) d\u00e9faut(DTC) \u00e0 supprimer sur votre fichier dans la liste champ pr\u00e9vu \u00e0 cet effet.<\/p>\n<p><em><strong>Ce service est limit\u00e9 \u00e0 10 codes d\u00e9fauts MAXIMUM, et ne prends pas en charge tous les calculateurs. En cas d&rsquo;impossibilit\u00e9 pour nous de satisfaire correctement votre commande, celle ci sera annul\u00e9 et vous recevrez un remboursement sans delais. <\/strong><\/em><\/p>\n<p>&nbsp;<\/p>\n<p><em><strong>Pour une suppression EGR, FAP, ADBLUE, veuillez utiliser le formulaire <a href=\"https:\/\/fullstockfileservice.com\/produit\/service-de-fichier-en-ligne-stage-de-preparation-et-conversion-e85-copie\/\">suivant.<\/a><\/strong><\/em><\/p>\n<p>&nbsp;<\/p>\n<p>Le chargement votre fichier \u00e0 modifier, ce fait sur la page suivante lors de la validation de votre \u00ab\u00a0Commande\u00a0\u00bb.<\/p>\n","protected":false},"featured_media":405,"template":"","meta":{"om_disable_all_campaigns":false,"_monsterinsights_skip_tracking":false,"_monsterinsights_sitenote_active":false,"_monsterinsights_sitenote_note":"","_monsterinsights_sitenote_category":0,"jetpack_publicize_message":"","jetpack_publicize_feature_enabled":true,"jetpack_social_post_already_shared":false,"jetpack_social_options":{"image_generator_settings":{"template":"highway","enabled":false},"version":2}},"product_brand":[],"product_cat":[22],"product_tag":[],"class_list":{"0":"post-367","1":"product","2":"type-product","3":"status-publish","4":"has-post-thumbnail","6":"product_cat-service-file","7":"wcpa_has_options","9":"first","10":"instock","11":"shipping-taxable","12":"purchasable","13":"product-type-simple"},"jetpack_publicize_connections":[],"aioseo_notices":[],"jetpack_sharing_enabled":true,"_links":{"self":[{"href":"https:\/\/fullstockfileservice.com\/index.php?rest_route=\/wp\/v2\/product\/367","targetHints":{"allow":["GET"]}}],"collection":[{"href":"https:\/\/fullstockfileservice.com\/index.php?rest_route=\/wp\/v2\/product"}],"about":[{"href":"https:\/\/fullstockfileservice.com\/index.php?rest_route=\/wp\/v2\/types\/product"}],"wp:featuredmedia":[{"embeddable":true,"href":"https:\/\/fullstockfileservice.com\/index.php?rest_route=\/wp\/v2\/media\/405"}],"wp:attachment":[{"href":"https:\/\/fullstockfileservice.com\/index.php?rest_route=%2Fwp%2Fv2%2Fmedia&parent=367"}],"wp:term":[{"taxonomy":"product_brand","embeddable":true,"href":"https:\/\/fullstockfileservice.com\/index.php?rest_route=%2Fwp%2Fv2%2Fproduct_brand&post=367"},{"taxonomy":"product_cat","embeddable":true,"href":"https:\/\/fullstockfileservice.com\/index.php?rest_route=%2Fwp%2Fv2%2Fproduct_cat&post=367"},{"taxonomy":"product_tag","embeddable":true,"href":"https:\/\/fullstockfileservice.com\/index.php?rest_route=%2Fwp%2Fv2%2Fproduct_tag&post=367"}],"curies":[{"name":"wp","href":"https:\/\/api.w.org\/{rel}","templated":true}]}}