{"id":634,"date":"2022-04-09T18:59:39","date_gmt":"2022-04-09T16:59:39","guid":{"rendered":"https:\/\/fullstockfileservice.com\/?post_type=product&#038;p=634"},"modified":"2022-04-09T19:04:28","modified_gmt":"2022-04-09T17:04:28","slug":"reparation-de-fichier","status":"publish","type":"product","link":"https:\/\/fullstockfileservice.com\/?product=reparation-de-fichier","title":{"rendered":"R\u00e9paration de fichier apr\u00e8s plantage OBD"},"content":{"rendered":"<p>Si vous avez eu une erreur pendant l\u2019\u00e9criture de votre fichier par la prise OBD, il est probable que votre v\u00e9hicule ne d\u00e9marre plus et que vous ne parveniez plus \u00e0 acc\u00e9der \u00e0 l\u2019\u00e9cu par la prise OBD.<\/p>\n<p>Pas de panique! si les cas sont rares, l\u2019\u00c9cu n&rsquo;est pas forcement HS! il est vraisemblablement \u00ab\u00a0brick\u00e9\u00a0\u00bb, c&rsquo;est \u00e0 dire qu&rsquo;il est toujours fonctionnel, mais le fichier des cartographies est corrompus et doit donc \u00eatre reconstruit \u00e0 l&rsquo;origine pour \u00eatre \u00e0 nouveau fonctionnel.<\/p>\n<p>il vous faudra donc faire une lecture \u00ab\u00a0sur table\u00a0\u00bb, Boot ou BDM de la m\u00e9moire stockant les donn\u00e9es de cartographies (pas l&rsquo;eproom) et nous joindre dans un fichier compress\u00e9 ZIP ou RAR les fichiers suivants :<\/p>\n<p>_ lecture du fichier des donn\u00e9es d&rsquo;origine faites par la prise OBD<\/p>\n<p>_ lecture de la m\u00e9moire des donn\u00e9es faite avec sur table, bench, bdm (si vous faites un backup au KTAG, veuillez s\u00e9parer le fichier en plusieurs \u00e0 la fin de la lecture et tous nous joindre dans le ZIP)<\/p>\n<p>&nbsp;<\/p>\n<p>L&rsquo;envoi du fichier ce fait sur la page de paiement.<\/p>\n","protected":false},"excerpt":{"rendered":"<p>Si vous avez eu une erreur pendant l\u2019\u00e9criture de votre fichier par la prise OBD, il est probable que votre v\u00e9hicule ne d\u00e9marre plus et que vous ne parveniez plus \u00e0 acc\u00e9der \u00e0 l\u2019\u00e9cu par la prise OBD.<\/p>\n<p>Pas de panique!<\/p>\n","protected":false},"featured_media":635,"template":"","meta":{"om_disable_all_campaigns":false,"_monsterinsights_skip_tracking":false,"_monsterinsights_sitenote_active":false,"_monsterinsights_sitenote_note":"","_monsterinsights_sitenote_category":0,"jetpack_publicize_message":"","jetpack_publicize_feature_enabled":true,"jetpack_social_post_already_shared":false,"jetpack_social_options":{"image_generator_settings":{"template":"highway","enabled":false},"version":2}},"product_brand":[],"product_cat":[18],"product_tag":[],"class_list":{"0":"post-634","1":"product","2":"type-product","3":"status-publish","4":"has-post-thumbnail","6":"product_cat-non-classe","8":"first","9":"instock","10":"shipping-taxable","11":"purchasable","12":"product-type-simple"},"jetpack_publicize_connections":[],"aioseo_notices":[],"jetpack_sharing_enabled":true,"_links":{"self":[{"href":"https:\/\/fullstockfileservice.com\/index.php?rest_route=\/wp\/v2\/product\/634","targetHints":{"allow":["GET"]}}],"collection":[{"href":"https:\/\/fullstockfileservice.com\/index.php?rest_route=\/wp\/v2\/product"}],"about":[{"href":"https:\/\/fullstockfileservice.com\/index.php?rest_route=\/wp\/v2\/types\/product"}],"wp:featuredmedia":[{"embeddable":true,"href":"https:\/\/fullstockfileservice.com\/index.php?rest_route=\/wp\/v2\/media\/635"}],"wp:attachment":[{"href":"https:\/\/fullstockfileservice.com\/index.php?rest_route=%2Fwp%2Fv2%2Fmedia&parent=634"}],"wp:term":[{"taxonomy":"product_brand","embeddable":true,"href":"https:\/\/fullstockfileservice.com\/index.php?rest_route=%2Fwp%2Fv2%2Fproduct_brand&post=634"},{"taxonomy":"product_cat","embeddable":true,"href":"https:\/\/fullstockfileservice.com\/index.php?rest_route=%2Fwp%2Fv2%2Fproduct_cat&post=634"},{"taxonomy":"product_tag","embeddable":true,"href":"https:\/\/fullstockfileservice.com\/index.php?rest_route=%2Fwp%2Fv2%2Fproduct_tag&post=634"}],"curies":[{"name":"wp","href":"https:\/\/api.w.org\/{rel}","templated":true}]}}